
What is the ten millions digit of 4105916949?
0
What is the tens digit of 797839956?
5
What is the units digit of 1266466268?
8
What is the hundreds digit of 877968062?
0
What is the millions digit of 163863624?
3
What is the millions digit of 91581031?
1
What is the ten thousands digit of 2414720442?
2
What is the tens digit of 5457720925?
2
What is the millions digit of 1445327087?
5
What is the tens digit of 15314147?
4
What is the hundreds digit of 757105584?
5
What is the hundred thousands digit of 16790229?
7
What is the hundreds digit of 187670395?
3
What is the ten thousands digit of 1205228628?
2
What is the billions digit of 2525219750?
2
What is the hundreds digit of 2947460660?
6
What is the millions digit of 424351526?
4
What is the tens digit of 6117258?
5
What is the ten millions digit of 57860505?
5
What is the hundred millions digit of 4517382554?
5
What is the millions digit of 88903640?
8
What is the tens digit of 30101576?
7
What is the tens digit of 69949782?
8
What is the units digit of 1880710232?
2
What is the tens digit of 580191796?
9
What is the hundred thousands digit of 19427826?
4
What is the millions digit of 420026461?
0
What is the units digit of 48141386?
6
What is the millions digit of 1064440916?
4
What is the millions digit of 6574934443?
4
What is the ten thousands digit of 44540642?
4
What is the ten millions digit of 668452510?
6
What is the hundred thousands digit of 47275208?
2
What is the hundreds digit of 2076992058?
0
What is the millions digit of 201592604?
1
What is the millions digit of 6138210083?
8
What is the units digit of 24658267?
7
What is the units digit of 2762011155?
5
What is the thousands digit of 460143569?
3
What is the ten millions digit of 1754893387?
5
What is the hundred thousands digit of 71691208?
6
What is the tens digit of 1519885151?
5
What is the millions digit of 23485184?
3
What is the thousands digit of 1525271779?
1
What is the tens digit of 150026402?
0
What is the thousands digit of 1280805193?
5
What is the units digit of 3342880?
0
What is the hundred thousands digit of 110969528?
9
What is the thousands digit of 2432765399?
5
What is the tens digit of 1563932828?
2
What is the hundred millions digit of 295485976?
2
What is the hundreds digit of 161147980?
9
What is the tens digit of 259489297?
9
What is the hundred thousands digit of 363304786?
3
What is the ten millions digit of 187323711?
8
What is the ten millions digit of 186296092?
8
What is the thousands digit of 591736201?
6
What is the hundred thousands digit of 974230259?
2
What is the hundred thousands digit of 11703644?
7
What is the thousands digit of 2860417936?
7
What is the millions digit of 475463998?
5
What is the ten thousands digit of 42093917?
9
What is the hundred thousands digit of 51062948?
0
What is the hundred thousands digit of 261394181?
3
What is the units digit of 305363119?
9
What is the hundred thousands digit of 199427354?
4
What is the hundreds digit of 488682067?
0
What is the hundred thousands digit of 480089430?
0
What is the hundred thousands digit of 30315126?
3
What is the hundred millions digit of 946747554?
9
What is the hundred thousands digit of 1301831601?
8
What is the ten millions digit of 126379986?
2
What is the ten millions digit of 373114379?
7
What is the millions digit of 88365187?
8
What is the hundreds digit of 1519419860?
8
What is the ten thousands digit of 190971151?
7
What is the units digit of 295075029?
9
What is the units digit of 1105926472?
2
What is the tens digit of 5192748852?
5
What is the hundred thousands digit of 814298730?
2
What is the hundreds digit of 40019262?
2
What is the ten thousands digit of 72602095?
0
What is the millions digit of 44146762?
4
What is the hundred millions digit of 2849766156?
8
What is the tens digit of 233710035?
3
What is the hundreds digit of 178731632?
6
What is the millions digit of 970432400?
0
What is the thousands digit of 1433009843?
9
What is the millions digit of 267506774?
7
What is the tens digit of 54587308?
0
What is the tens digit of 6534458?
5
What is the thousands digit of 142057354?
7
What is the hundred thousands digit of 225642269?
6
What is the millions digit of 1125709660?
5
What is the thousands digit of 21563485?
3
What is the tens digit of 588246515?
1
What is the units digit of 30445260?
0
What is the hundreds digit of 183518991?
9
What is the millions digit of 109280417?
9
What is the hundred thousands digit of 143978052?
9
What is the hundred millions digit of 112763968?
1
What is the tens digit of 43700836?
3
What is the millions digit of 8977426?
8
What is the thousands digit of 19916416?
6
What is the hundred thousands digit of 1989050991?
0
What is the ten thousands digit of 49275678?
7
What is the ten thousands digit of 40282969?
8
What is the hundred thousands digit of 297258200?
2
What is the ten millions digit of 94680541?
9
What is the ten thousands digit of 89075508?
7
What is the ten millions digit of 470367089?
7
What is the units digit of 58113851?
1
What is the billions digit of 1037104894?
1
What is the ten millions digit of 3095587204?
9
What is the thousands digit of 265476804?
6
What is the ten millions digit of 1742137827?
4
What is the millions digit of 1349346120?
9
What is the hundreds digit of 48261653?
6
What is the thousands digit of 8625966?
5
What is the millions digit of 1015158603?
5
What is the tens digit of 178533683?
8
What is the millions digit of 2290721655?
0
What is the ten thousands digit of 2039490041?
9
What is the hundred millions digit of 230492615?
2
What is the ten thousands digit of 54948830?
4
What is the ten thousands digit of 8488538?
8
What is the ten thousands digit of 8338710060?
1
What is the millions digit of 14207906?
4
What is the tens digit of 18520243?
4
What is the thousands digit of 62780330?
0
What is the ten thousands digit of 1026686300?
8
What is the tens digit of 951271984?
8
What is the units digit of 257907131?
1
What is the millions digit of 1301300643?
1
What is the ten thousands digit of 66986040?
8
What is the billions digit of 1100431976?
1
What is the ten millions digit of 1068248025?
6
What is the ten thousands digit of 17978901?
7
What is the hundred thousands digit of 57466729?
4
What is the units digit of 5181825564?
4
What is the tens digit of 58110135?
3
What is the units digit of 63435679?
9
What is the tens digit of 243171874?
7
What is the ten thousands digit of 2400239603?
3
What is the ten thousands digit of 5441817663?
1
What is the hundreds digit of 454716268?
2
What is the hundred thousands digit of 113167662?
1
What is the millions digit of 420797182?
0
What is the units digit of 4925184718?
8
What is the hundreds digit of 5078524027?
0
What is the hundreds digit of 1160385547?
5
What is the tens digit of 42585632?
3
What is the hundred thousands digit of 624870056?
8
What is the hundred millions digit of 2543307702?
5
What is the units digit of 566833986?
6
What is the thousands digit of 243486854?
6
What is the ten thousands digit of 4689699545?
9
What is the ten thousands digit of 1206826919?
2
What is the ten thousands digit of 170319727?
1
What is the hundreds digit of 1456628120?
1
What is the ten millions digit of 1727818128?
2
What is the billions digit of 2558107590?
2
What is the thousands digit of 189114859?
4
What is the units digit of 1222108227?
7
What is the units digit of 84647661?
1
What is the hundred thousands digit of 7187045?
1
What is the units digit of 79310574?
4
What is the thousands digit of 11343341?
3
What is the tens digit of 235411854?
5
What is the thousands digit of 8957150983?
0
What is the ten thousands digit of 107472633?
7
What is the ten thousands digit of 42943054?
4
What is the hundreds digit of 265259330?
3
What is the hundred thousands digit of 2643371698?
3
What is the tens digit of 45384278?
7
What is the hundreds digit of 4045536518?
5
What is the hundred millions digit of 776396600?
7
What is the ten millions digit of 264048796?
6
What is the ten thousands digit of 8674216?
7
What is the hundreds digit of 48297498?
4
What is the ten thousands digit of 156484101?
8
What is the millions digit of 347764223?
7
What is the ten millions digit of 62066816?
6
Wha